8) to base 5.
-4
What is 54 (base 14) in base 4?
1022
Convert 0 (base 4) to base 5.
0
-b5 (base 15) to base 13
-101
Convert 9 (base 16) to base 11.
9
What is -4 (base 16) in base 12?
-4
Convert 212 (base 5) to base 2.
111001
Convert 2 (base 14) to base 8.
2
Convert -313 (base 8) to base 13.
-128
5 (base 8) to base 13
5
What is 0 (base 2) in base 15?
0
What is 101 (base 2) in base 16?
5
Convert -3 (base 8) to base 6.
-3
What is 111 (base 7) in base 13?
45
Convert 0 (base 11) to base 13.
0
What is 4 (base 9) in base 10?
4
What is 25 (base 6) in base 5?
32
0 (base 2) to base 8
0
-57 (base 8) to base 2
-101111
-10 (base 11) to base 12
-b
What is 101 (base 2) in base 11?
5
-2 (base 9) to base 14
-2
What is e (base 15) in base 12?
12
What is -31 (base 14) in base 2?
-101011
Convert 4 (base 13) to base 7.
4
What is 1 (base 8) in base 15?
1
Convert -3120 (base 4) to base 3.
-22000
What is -10 (base 10) in base 15?
-a
65 (base 8) to base 16
35
-3 (base 14) to base 10
-3
Convert -2 (base 13) to base 14.
-2
0 (base 12) to base 5
0
What is -141 (base 10) in base 7?
-261
What is -14 (base 6) in base 13?
-a
Convert 0 (base 7) to base 11.
0
3a (base 11) to base 15
2d
Convert 45 (base 12) to base 5.
203
Convert -6 (base 11) to base 14.
-6
Convert -7 (base 16) to base 3.
-21
What is 2 (base 3) in base 9?
2
What is -1101 (base 3) in base 8?
-45
Convert 0 (base 10) to base 16.
0
Convert 0 (base 12) to base 5.
0
Convert 50 (base 10) to base 9.
55
What is -11 (base 3) in base 9?
-4
-6 (base 13) to base 11
-6
-31 (base 10) to base 3
-1011
-1 (base 10) to base 3
-1
0 (base 5) to base 16
0
What is -2202 (base 3) in base 16?
-4a
Convert -6 (base 14) to base 9.
-6
3b (base 13) to base 16
32
Convert -3 (base 4) to base 7.
-3
Convert -335 (base 7) to base 9.
-212
Convert 217 (base 11) to base 13.
170
What is -3 (base 5) in base 2?
-11
What is -4 (base 7) in base 11?
-4
Convert 10 (base 2) to base 14.
2
Convert 2 (base 11) to base 5.
2
What is -7 (base 10) in base 4?
-13
Convert -1 (base 14) to base 9.
-1
Convert 5 (base 14) to base 15.
5
4a (base 15) to base 11
64
2 (base 8) to base 16
2
What is -1 (base 9) in base 2?
-1
-20 (base 12) to base 15
-19
What is -1 (base 12) in base 3?
-1
Convert 4 (base 16) to base 15.
4
What is -10000 (base 2) in base 7?
-22
Convert -32 (base 4) to base 10.
-14
Convert -100011 (base 2) to base 15.
-25
Convert -58 (base 9) to base 7.
-104
What is 2 (base 6) in base 5?
2
Convert -4 (base 12) to base 4.
-10
What is -2 (base 3) in base 9?
-2
Convert -159 (base 12) to base 11.
-184
What is -2203 (base 4) in base 16?
-a3
Convert -1001010 (base 2) to base 3.
-2202
What is 2 (base 8) in base 14?
2
Convert -83 (base 12) to base 15.
-69
What is -100 (base 2) in base 10?
-4
Convert -7 (base 15) to base 16.
-7
Convert -11 (base 5) to base 10.
-6
3 (base 7) to base 15
3
Convert 1 (base 16) to base 9.
1
What is -255 (base 6) in base 4?
-1223
Convert -111 (base 2) to base 3.
-21
-312 (base 4) to base 12
-46
Convert 2 (base 6) to base 14.
2
What is -7 (base 11) in base 15?
-7
What is -8 (base 11) in base 12?
-8
What is 18 (base 10) in base 2?
10010
-10012 (base 4) to base 16
-106
What is 1 (base 5) in base 8?
1
What is 11 (base 2) in base 6?
3
Convert 4 (base 10) to base 5.
4
What is -3 (base 12) in base 16?
-3
Convert -45 (base 14) to base 7.
-115
What is -4 (base 8) in base 15?
-4
What is 11 (base 10) in base 14?
b
239 (base 12) to base 16
14d
Convert 179 (base 12) to base 9.
283
-61 (base 9) to base 15
-3a
3 (base 9) to base 5
3
Convert 3 (base 7) to base 13.
3
What is -47 (base 15) in base 10?
-67
What is 7 (base 12) in base 11?
7
Convert -56 (base 13) to base 7.
-131
Convert -9 (base 13) to base 5.
-14
What is 0 (base 4) in base 9?
0
Convert 0 (base 14) to base 2.
0
What is 5 (base 8) in base 12?
5
Convert 2 (base 4) to base 6.
2
2100 (base 4) to base 9
170
Convert -36 (base 16) to base 13.
-42
5 (base 7) to base 2
101
What is 114 (base 7) in base 12?
50
246 (base 9) to base 7
411
-255 (base 9) to base 5
-1322
What is -2a (base 13) in base 4?
-210
Convert 8 (base 11) to base 6.
12
Convert -222 (base 8) to base 16.
-92
Convert -109 (base 10) to base 8.
-155
Convert 1a (base 13) to base 14.
19
Convert 1100 (base 3) to base 8.
44
68 (base 12) to base 14
5a
27 (base 15) to base 5
122
What is -25 (base 8) in base 13?
-18
-10c (base 15) to base 3
-22210
Convert -9 (base 11) to base 9.
-10
What is -2 (base 12) in base 4?
-2
-2 (base 16) to base 10
-2
-5 (base 13) to base 16
-5
Convert 4 (base 15) to base 3.
11
Convert 6d (base 14) to base 11.
89
5 (base 14) to base 11
5
Convert 11011 (base 2) to base 5.
102
What is 230 (base 9) in base 11?
162
What is -2 (base 6) in base 15?
-2
Convert 1 (base 8) to base 16.
1
Convert -214 (base 6) to base 8.
-122
What is 10 (base 10) in base 14?
a
Convert 35 (base 16) to base 11.
49
-25 (base 9) to base 3
-212
What is -1 (base 16) in base 13?
-1
What is -10 (base 8) in base 10?
-8
Convert 1 (base 15) to base 14.
1
-31 (base 16) to base 14
-37
-8 (base 13) to base 3
-22
22212 (base 3) to base 16
ef
Convert 17 (base 15) to base 6.
34
Convert -2 (base 5) to base 8.
-2
Convert -143 (base 10) to base 4.
-2033
Convert 120 (base 5) to base 13.
29
What is -11 (base 4) in base 12?
-5
Convert -162 (base 11) to base 2.
-10111101
-11 (base 7) to base 15
-8
Convert -3 (base 10) to base 2.
-11
Convert -205 (base 6) to base 3.
-2212
32 (base 11) to base 14
27
-1 (base 8) to base 12
-1
Convert -112 (base 3) to base 11.
-13
1 (base 10) to base 8
1
Convert -120 (base 7) to base 16.
-3f
0 (base 5) to base 11
0
What is -314 (base 5) in base 15?
-59
2 (base 5) to base 15
2
Convert 18 (base 15) to base 13.
1a
What is -461 (base 9) in base 6?
-1431
-4 (base 16) to base 9
-4
What is 1 (base 9) in base 2?
1
-10100 (base 2) to base 9
-22
10 (base 3) to base 9
3
Convert 24 (base 8) to base 16.
14
10 (base 11) to base 2
1011
-2 (base 6) to base 8
-2
What is -11001000 (base 2) in base 12?
-148
-52 (base 13) to base 16
-43
-1 (base 7) to base 3
-1
Convert -26 (base 7) to base 5.
-40
What is 3c (base 13) in base 5?
201
What is -8d (base 14) in base 13?
-98
Convert 74 (base 15) to base 16.
6d
Convert -1 (base 8) to base 16.
-1
Convert -1 (base 12) to base 10.
-1
What is 45 (base 7) in base 11?
30
What is -108 (base 12) in base 15?
-a2
2 (base 15) to base 2
10
Convert 30 (base 5) to base 10.
15
41 (base 8) to base 15
23
What is 80 (base 11) in base 10?
88
What is 100 (base 3) in base 2?
1001
-118 (base 14) to base 13
-13a
What is -11c (base 13) in base 7?
-365
What is -5 (base 12) in base 3?
-12
What is -1 (base 5) in base 4?
-1
Convert -17 (base 12) to base 7.
-25
-31 (base 12) to base 13
-2b
What is 0 (base 6) in base 11?
0
What is 128 (base 12) in base 8?
260
What is -1c (base 13) in base 11?
-23
-11000011 (base 2) to base 9
-236
Convert -323 (base 6) to base 9.
-146
a9 (base 13) to base 3
12011
Convert -1112 (base 3) to base 8.
-51
Convert -11 (base 4) to base 5.
-10
What is 26 (base 9) in base 3?
220
What is 22 (base 7) in base 5?
31
What is -66 (base 10) in base 4?
-1002
What is -41 (base 15) in base 13?
-49
Convert -5 (base 16) to base 2.
-101
6 (base 7) to base 2
110
Convert 253 (base 9) to base 3.
21210
1 (base 14) to base 12
1
What is 220 (base 7) in base 6?
304
-3 (base 4) to base 5
-3
What is 20 (base 5) in base 10?
10
What is 10 (base 3) in base 2?
11
What is 264 (base 7) in base 12?
100
What is 22 (base 8) in base 16?
12
What is 301 (base 6) in base 4?
1231
3 (base 7) to base 16
3
-100100110 (base 2) to base 11
-248
Convert 3 (base 15) to base 6.
3
Convert -6 (base 14) to base 8.
-6
-3 (base 4) to base 16
-3
What is -103 (base 6) in base 13?
-30
Convert -a0 (base 14) to base 8.
-214
5 (base 13) to base 10
5
Convert -54 (base 9) to base 5.
-144
Convert 1 (base 5) to base 12.
1
Convert 1 (base 7) to base 13.
1
-12 (base 3) to base 7
-5
52 (base 6) to base 15
22
What is -21 (base 16) in base 6?
-53
Convert 14 (base 5) to base 9.
10
Convert 71 (base 8) to base 7.
111
What is -11 (base 6) in base 12?
-7
Convert 0 (base 13) to base 16.
0
Convert -11 (base 11) to base 13.
-c
Convert 101 (base 3) to base 16.
a
What is -5 (base 8) in base 5?
-10
What is 100 (base 6) in base 4?
210
Convert 29 (base 16) to base 4.
221
What is 10131 (base 4) in base